the greatest common divisor of i and 164.
41
Let f be (-10)/(-6)*(-30 + 78). Calculate the greatest common factor of f and 50.
10
Let f(c) = 9*c**2 + 3*c - 2. Let w be f(4). Let q be 9/(-6)*(-124)/6. Let d = 45 - q. What is the greatest common divisor of w and d?
14
Suppose 5*y = 4*l - 7*l + 1128, 0 = 3*l - 3. Let q = 32 - 2. Suppose 0 = 5*h - a - 92 - q, 4*h - 97 = a. Calculate the greatest common factor of h and y.
25
Let o = 5 - -113. Let j = -107 + o. What is the greatest common divisor of 44 and j?
11
Suppose 0 = -3*t, -2*k + 9 = 4*t - 7. What is the greatest common divisor of 1 and k?
1
Let x(p) = 5*p**2 + 0*p + 2*p - 2 + 2*p**2. Let w be x(-2). Let b be 18*(1 - 5*-2). What is the greatest common divisor of b and w?
22
Suppose -5*y + 49 = -b, 7*y = 5*b + 70 - 5. Calculate the greatest common factor of y and 965.
5
Let o = 35 - 18. Suppose 2*c = 4*t - 14, 3*t + 0 - 14 = 5*c. Suppose 4*k - 5*h - 43 = 40, -h - t = 0. Calculate the greatest common factor of o and k.
17
Let x(f) = -174*f - 30. Let i be x(-4). Calculate the highest common divisor of 9 and i.
9
Let w = 1056 - 501. Calculate the greatest common divisor of w and 60.
15
Suppose h - 3*h = -22. Suppose 98 = -5*t + 648. Suppose 2*w = 4*w - t. What is the greatest common divisor of w and h?
11
Suppose -21*c + 11*c = -610. What is the highest common factor of 122 and c?
61
Suppose 0 = r - 4*r + 48. Suppose -35*n + 40*n - 400 = 0. What is the greatest common divisor of n and r?
16
Let x be (-4136)/(-40) + (-4)/10. Let j = 141 - x. Calculate the greatest common divisor of 19 and j.
19
Let f(k) = -k. Let p be f(6). Let w = 13 + p. Calculate the highest common factor of 49 and w.
7
Let o = 238 - 122. Calculate the highest common divisor of 174 and o.
58
Suppose -4*d + 33 - 17 = 0. What is the greatest common divisor of 6 and d?
2
Let t be ((-4)/6)/((-30)/2205). Calculate the highest common factor of 28 and t.
7
Suppose -2*t = 14 + 30. Let a = t + 34. Let q be 4*-3*(0 - 1). What is the greatest common divisor of a and q?
12
Let y(n) = 6*n**2 + 38*n + 116. Let t be y(-4). What is the greatest common factor of 108 and t?
12
Let n be (-2)/8 - ((-10370)/(-8))/(-5). Suppose -2*g = -659 + n. What is the highest common factor of 25 and g?
25
Let u(j) = j**2 - 5*j + 2. Let g be u(0). Suppose 0 = 4*v + 5*w - 42, 0 + 6 = g*v - 5*w. What is the highest common divisor of v and 64?
8
Suppose -189 - 151 = -5*z. Suppose -2*u - r + 4 = -40, 5*r + z = 2*u. Let c = -351 + 411. Calculate the highest common factor of u and c.
12
Suppose p = 3*j + j + 8, 4*p = -j + 32. Suppose -5*t + 63 = r - p, 5*t = r + 79. What is the highest common divisor of 3 and t?
3
Let b(u) = u**2 - 4*u + 7. Let t be b(3). Let v be -6 + (2 - (-4)/t) + 68. What is the greatest common factor of v and 13?
13
Let d = -129 - -173. Calculate the greatest common factor of d and 88.
44
Let u = 672 - 648. What is the greatest common factor of 8 and u?
8
Suppose -5*k - 55*i + 51*i = -310, 4*k + i = 237. Calculate the highest common factor of 609 and k.
29
Let l be 18*(20/6 - -2). Suppose 4*k - l = -4*t + 84, 3*t - 5*k = 111. Calculate the highest common divisor of 105 and t.
21
Let s = 31 - 29. Suppose 5*m - p = 25, 2*p = -0*p. What is the highest common divisor of m and s?
1
Let v be (-2)/(-4)*(-3 - 3 - -12). Suppose -3*b = -6, -3*o + v*b = -2*b - 11. What is the highest common factor of o and 77?
7
Let v be (-2 + -1)*(1 - 2/3). Let p be (0 - -1) + -2 - -16. Let j = p - v. Calculate the highest common divisor of j and 4.
4
Suppose -52 = 2*v - 0*m + 3*m, 5*m - 20 = 2*v. Let f = v - -24. What is the highest common factor of f and 28?
4
Suppose -5 = -l + 5*h, 6*l + 4*h = 4*l + 80. What is the highest common factor of l and 20?
10
Let i = -55 + 65. Suppose 5*u - 4*y + 5 + i = 0, 5*u = y. Calculate the greatest common factor of 5 and u.
1
Let s(o) = 8*o - o - 14 + 1. Let g be s(4). Let h be 5/2*(7 - 5). What is the greatest common factor of h and g?
5
Let z be (1 - 1 - 0)/1. Suppose -16 = -z*l - 4*l. Suppose -4*n = c + c - 22, -l*n + 21 = c. What is the greatest common factor of n and 5?
5
Let f be (18 + 0 + 0)*-1. Let w be (-2 + -1)/(2/f). Suppose 25 = 3*a - z, -5*a + 13 = -4*a + 2*z. What is the greatest common divisor of w and a?
9
Let c(w) = -w**2 + 11*w + 2. Let f be c(9). Suppose -h + 3*h = f. Calculate the greatest common factor of 25 and h.
5
Suppose 3*q + 1694 = -103. Let h be q/(-5) + (-1)/(-5). What is the greatest common divisor of 5 and h?
5
Suppose 24*s - 2*c + 54 = 26*s, 121 = 3*s - 5*c. Calculate the highest common factor of 40 and s.
8
Suppose 255 = -4*r + 7*r. Calculate the greatest common divisor of r and 153.
17
Let n(k) = 16*k - k + 4 + 3*k + 2. Let o be n(1). What is the highest common factor of 16 and o?
8
Let i(s) = s + 36. Let h be i(-28). Suppose 2*w - 2*y + 3*y - 82 = 0, -2 = -y. Calculate the highest common divisor of w and h.
8
Suppose -3*b - 11 = -62. Suppose k - 409 = 3*a, 433 = -3*k - 3*a + 1600. Let r = k - 275. What is the highest common divisor of b and r?
17
Suppose -s + 19 = b + b, 8 = -b - 4*s. Suppose -5*v - 6 = -3*v. Let t be 1 - (247 - -2)/v. What is the highest common factor of t and b?
12
Let i = 146 + -110. What is the highest common factor of 90 and i?
18
Suppose 2*q - 3*q + c = -23, -3*q + c = -59. Calculate the highest common divisor of q and 96.
6
Let q(h) = 4*h**3 - 1 + 2*h - h**3 + h - 2*h**3 - 4*h**2. Let b be q(3). Let d be ((-285)/(-25))/(b/(-5)). What is the highest common divisor of d and 19?
19
Let n be 1/(-1 + 3 + 269/(-135)). What is the greatest common factor of n and 15?
15
Suppose 115 = 5*t - 35. Let o be (-140)/t*-3*1. Suppose -5*a - 4*a = -189. Calculate the highest common factor of a and o.
7
Let m = 167 + -48. Let x = m + -85. Calculate the highest common factor of 102 and x.
34
Let r be -28*1/6*-3. Let o = r - -40. Let y = -15 + 33. Calculate the highest common divisor of o and y.
18
Let b(c) = 3*c - 76. Let n be b(12). Let t be ((-168)/(-35))/(6/n*-1). What is the greatest common factor of 80 and t?
16
Let x(b) = -7*b**2 + 34*b - 60. Let v(o) = -o**2 + o. Let m(k) = -6*v(k) + x(k). Let q be m(25). What is the highest common factor of q and 120?
15
Suppose -4*x + 116 = 5*p, -p + 4*p + x - 71 = 0. Suppose -5 = -14*j + 163. What is the greatest common factor of p and j?
12
Suppose 0 = -4*u - 3*f + 783, -3*u + 23*f + 556 = 19*f. Let k be (-3)/(-9) + (-95)/(-3). What is the greatest common factor of k and u?
32
Let m be (13 - 1) + (-29 - -28). What is the greatest common factor of 11 and m?
11
Let h(f) = 4*f + 96. Let j be h(-21). Calculate the highest common factor of 201 and j.
3
Let i(z) = 12*z - 15. Let x be i(-2). Let p = x - -73. Calculate the highest common divisor of p and 51.
17
Let j be ((-10)/(-2) + (-9210)/(-30))/1. What is the highest common divisor of j and 24?
24
Let u(i) = -i**3 - 14*i**2 + 3*i + 10. Let r be u(-15). Calculate the highest common divisor of r and 10.
10
Let o(i) = 2*i**2 + 6*i + 9. Suppose -3*k = -5*k - 6. Let c be 4*-1*(k - -4). Let r be o(c). Calculate the greatest common divisor of r and 85.
17
Let i = -22 - -24. Suppose y = 4*j - 3*y - 164, 0 = -4*j + i*y + 154. Calculate the highest common divisor of 288 and j.
36
Let x(j) = j**3 - 13*j**2 - 33*j - 28. Let s be x(16). Calculate the greatest common divisor of 2 and s.
2
Let z = -1 + -49. Let x be 2390/25 + 4/z*-5. Calculate the greatest common factor of x and 240.
48
Suppose 25*b + 97 = o + 26*b, -5*o = 2*b - 479. What is the greatest common divisor of 10 and o?
5
Suppose 5*v = -5*l + 4270, -3*l + 2*v = -557 - 1995. Calculate the greatest common divisor of l and 12.
12
Let d(n) = n**2 - 5*n + 4. Let v be d(6). Suppose v*y - 192 = 6*y. What is the highest common divisor of y and 32?
16
Let r = 391 + -363. Calculate the greatest common divisor of 308 and r.
28
Let w(k) = 12*k + 2. Let r(j) = -j**2 + 8*j + 2. Let t be r(8). Let u be w(t). Suppose -g - u = -3*g. What is the greatest common factor of g and 143?
13
Let c = 2405 - 773. What is the greatest common divisor of 68 and c?
68
Let u = -7 - -9. Suppose b + 2 = 0, -5*b + 3*b = u*j - 44. Calculate the greatest common factor of j and 8.
8
Let c be 1 + (-1 - 0/(-1)). Suppose -5*y - 3*b + 45 + 685 = 0, -5*y - 5*b + 740 = c. Let h = 1085 + -1072. What 